= g**3 - 10*g**2 + 9*g - 3. Let z be a(9). Calculate the remainder when 2 is divided by w(z).
0
Suppose 2*z + z - 45 = 0. Let d = 33 - 5. Calculate the remainder when d is divided by z.
13
Let z = -10 + 14. Suppose -2*d = -0 - z. Suppose -d*j + 17 = -j. What is the remainder when 32 is divided by j?
15
Let g = 108 + -75. Suppose 2*d = -2*d - 4*v + 40, -d + 8 = -v. Calculate the remainder when g is divided by d.
6
Suppose -168 = -2*h - 10. What is the remainder when h is divided by 16?
15
Let y = 49 - -2. What is the remainder when y is divided by 18?
15
Let y = -17 - -24. Suppose -3*v = -5*m + 323, 2*v + 197 = 3*m - 3*v. Let r = -44 + m. Calculate the remainder when r is divided by y.
6
Let n = 3 - 26. Let v = -35 + 51. What is the remainder when (n/(-4))/((-8)/(-64)) is divided by v?
14
Let z = 155 + -42. What is the remainder when z is divided by 29?
26
Suppose 0 = -4*c + 107 + 1. What is the remainder when c is divided by 7?
6
Let j(o) = -o**2 + 8*o + 11. Let b be j(9). Suppose b*i = 5*p + 3*i - 234, -i = -5*p + 236. Suppose 3*l - 54 = -6. What is the remainder when p is divided by l?
15
Let m(d) = d**2 + d + 1. Suppose 0 = 3*i - 1 + 4. Calculate the remainder when -10 + 10 - i*1 is divided by m(-1).
0
Suppose -4*m + 210 + 26 = 0. What is the remainder when m is divided by 21?
17
Suppose -x = -4*x - o + 22, -2 = x - 2*o. Calculate the remainder when 23 is divided by -1*x*6/(-3).
11
Suppose 3*q = 2*f - 7, -5*f + 0*q + 70 = 3*q. Calculate the remainder when f is divided by 3.
2
Let f = 100 - 87. Calculate the remainder when 154 is divided by f.
11
Let r(s) = -8*s + 22. Calculate the remainder when r(-3) is divided by 6.
4
Suppose 4*a - 2*p - 52 = 0, 0*p - p = 0. Let u(k) = k**2 - 5*k - 6. Let v be u(5). Let o = a + v. Calculate the remainder when o is divided by 4.
3
Let x(m) = -m**3 + 11*m**2 - 15*m + 8. Let o be x(10). What is the remainder when (-28)/6*180/o is divided by 8?
4
Suppose -7*h = -2*h. What is the remainder when (6 - 4)*51/6 is divided by 0 - (1 - (10 - h))?
8
Let p be 336/(-8)*2/4. Let h = p - -27. Calculate the remainder when 8 is divided by h.
2
Suppose 0 = -k + 2. Suppose k*u - 40 = -0*u. Calculate the remainder when 58 is divided by u.
18
Calculate the remainder when 36 is divided by 9 - (1/(-2))/(10/20).
6
Suppose -5*u + 18 = 3. Let v be (1 - 3)/(u/(-6)). Suppose -2*s = v*x + 3*s - 108, 20 = x + 3*s. What is the remainder when x is divided by 11?
10
Let s = 91 + -55. Calculate the remainder when s is divided by 8.
4
Let z(p) = p**3 - 3*p**2 - 3*p + 5. Let d be z(5). Let o = 7 + d. Suppose -2*h + 9 = u + 1, 5*h = -20. What is the remainder when o is divided by u?
15
Let o = -4 + 19. Suppose -119 = -4*c + 49. Calculate the remainder when c is divided by o.
12
Suppose -2*i - 12 = -36. Calculate the remainder when i is divided by 4.
0
Suppose -3*c - 4*z = -0*z - 33, -5*z + 8 = -c. Suppose -3*r - 25 = 5. Let i = r - -21. Calculate the remainder when i is divided by c.
4
Suppose -3*h - 10*h + 988 = 0. Calculate the remainder when h is divided by 11.
10
Suppose 4*l = -5*i + 48, -2*l = l - i - 55. What is the remainder when l is divided by 5?
2
Suppose 5*q + 5*r = 3*q + 38, -60 = -4*q - 2*r. What is the remainder when q is divided by 1*7 + (3 - 2)?
6
Let j(p) = p**3 + 5*p**2 - 3*p - 4. Suppose l + 5 = 2. What is the remainder when j(l) is divided by 13?
10
Let o(k) = k**3 - 6*k**2 - 6*k - 9. Let t be o(7). Let q(r) = -8*r - 1. What is the remainder when 29 is divided by q(t)?
14
Suppose -17 = -r + 3*g, -r + 40 = 3*r - 5*g. Suppose 0 = -3*h + 7*h - 28. What is the remainder when h is divided by r?
2
Suppose 3*u - 15 = 3*a, 2*a + 1 = u - 4. Suppose -3*b + 56 = b. Calculate the remainder when b is divided by u.
4
Let s = -64 - -138. Calculate the remainder when s is divided by 16/(-28) + 358/14.
24
Suppose -5*j + 26 = -3*u, j = -6*u + 4*u. Suppose 103 = p + 3*q, -5*p = j*q - q - 467. What is the remainder when p is divided by 23?
22
Let n be 1 + -4 - (-18 - -1). Let h(u) = -14*u - 2. Let q be h(2). Calculate the remainder when (-2)/(2 + q/n) is divided by 4.
2
Suppose -4*a + 345 = a. What is the remainder when a is divided by 9?
6
Let b(w) = 5*w - 7. What is the remainder when 70 is divided by b(5)?
16
Let b = 6 + 7. Let q = -4 + -3. Let w(k) = k**2 + 2*k - 10. Calculate the remainder when w(q) is divided by b.
12
Let r(v) = 0 + 1 + 6*v - 4. Suppose b - 208 = -7*b. Calculate the remainder when b is divided by r(2).
8
Suppose -3*s + 44 = -5*f, f = 7*s - 3*s - 53. Calculate the remainder when 51 is divided by s.
12
Let y(x) = 491*x**2 + x. Let k be y(1). Calculate the remainder when k/15 - 1/(-5) is divided by 9.
6
Suppose 3*p - 34 = -4*g, -3*g - 1 = -p + 6. Let h = 60 - 21. What is the remainder when h is divided by p?
9
Let d(y) = y. Let p be (-2 - (-1 - 0))*-1. Let g(n) = 2*n - 2. Let v(z) = p*g(z) - d(z). Calculate the remainder when 8 is divided by v(5).
2
Let q = -51 + 71. Calculate the remainder when 58 is divided by q.
18
Suppose 0*z + 3 = z. Let q(i) = 17*i - 118. Calculate the remainder when q(7) is divided by z/12 + (-6)/(-8).
0
Suppose -t + 2*s + s + 56 = 0, -3*s = -5*t + 268. Let b(u) = -u**3 - 3*u**2 - 2*u + 4. What is the remainder when t is divided by b(-4)?
25
Let q(d) = -d**3 + 5*d**2 + 6*d. Let h be q(5). Let w = h - -11. What is the remainder when w is divided by 21?
20
Calculate the remainder when 15 is divided by ((-10)/5)/((-2)/9).
6
Let s = 50 - 38. Calculate the remainder when s is divided by 5.
2
Let b = -85 - -123. What is the remainder when b is divided by 8?
6
Let k(t) = -t**3 + 7*t**2 + 8*t - 2. Let z be k(8). Let i be 8/2 - (0 - z). Suppose i*h - 6 - 16 = 0. What is the remainder when 30 is divided by h?
8
What is the remainder when 31 is divided by (-31)/(-2) - (-2)/4?
15
Let l(u) = -8*u - 9. Calculate the remainder when l(-8) is divided by 19.
17
Suppose 63 = 3*r + 3*d, -3*r - r - d + 96 = 0. Let n = -1 - -5. Suppose -n*b + b - z + 32 = 0, 2*b + 5*z = 43. Calculate the remainder when r is divided by b.
7
Suppose 0*m - 4*m + 8 = 0. Suppose -l + 55 = f + m*l, -2*l = 3*f - 130. Calculate the remainder when f is divided by 14.
12
Let x(j) = 13*j**3 + j**2 + 2*j + 1. Let n be x(-1). Calculate the remainder when n*(1 + -6 + 0) is divided by 17.
14
Suppose 4 = 4*y + 4*p, p = 4*y + 3*p - 8. Let o be 2/8 + (-102)/(-8). Suppose -4*k = -3 - o, -36 = -2*s - 5*k. Calculate the remainder when s is divided by y.
2
Suppose 0 = 3*r - 19 + 4. Suppose r*m = 24 + 176. Calculate the remainder when m is divided by 14.
12
Let r(o) = o - 1. Calculate the remainder when 8 is divided by r(4).
2
Suppose 5*s - 4*o - 203 = 0, 5*o = 5*s - 0*o - 200. Suppose -193 + s = -5*h. Let p(r) = -r**2 + 9*r - 3. Calculate the remainder when h is divided by p(7).
8
Calculate the remainder when (-85)/(-7) + 27/(-189) is divided by 8.
4
Suppose 12 + 0 = 4*b. Suppose 0 = -b*z + 57. Suppose 37 = -3*v + 4*v. Calculate the remainder when v is divided by z.
18
Suppose 5*d + 8 - 23 = 0. Calculate the remainder when 8 is divided by d.
2
Suppose 5*z = 13 + 17. What is the remainder when 17 is divided by z?
5
What is the remainder when 91 is divided by ((-186)/(-12))/((-2)/(-5 - -1))?
29
Suppose -3*i = i - 16. Suppose i = v + 1. What is the remainder when 14/35 - (-18)/5 is divided by v?
1
Suppose -2*k + 7 = -9. Suppose b = -4*i + 12, -3*b - k*i + 3*i + 15 = 0. Let p(y) = -y + 14. What is the remainder when p(b) is divided by 4?
2
Suppose 2*g + 55 - 13 = 4*m, -5*m - 5*g + 45 = 0. What is the remainder when 76 is divided by m?
6
Suppose -7*b = -5*b. Suppose b = -0*w + 4*w - 48. What is the remainder when 23 is divided by w?
11
Let f be 3 - -112 - 1*-1. Suppose 3*u - f = -2. Calculate the remainder when u is divided by 20.
18
Suppose 515 = 5*n + 3*i, 4*n + 5*i - 438 = -39. Calculate the remainder when n is divided by 27.
25
Let w(z) = -2*z + 8. Suppose -s = -5*s + 12. Suppose 0*f = s*f - 21. Calculate the remainder when w(-6) is divided by f.
6
Let n(q) be the first derivative of q**4/4 - 5*q**3/3 + 5*q**2/2 + 4*q - 6. What is the remainder when 22 is divided by n(4)?
6
Let g(a) = a**3 + a**2. Let b be g(-1). Suppose b = -4*d + 2*d - 2. Let t(w) = -3*w - 1. Calculate the remainder when 3 is divided by t(d).
1
Calculate the remainder when -4 + (147/3 -